84950?
0
What is the millions digit of 5266122560?
6
What is the tens digit of 751218552?
5
What is the tens digit of 610737517?
1
What is the hundreds digit of 358058357?
3
What is the hundred thousands digit of 433514069?
5
What is the tens digit of 58816309?
0
What is the millions digit of 1247684641?
7
What is the hundred thousands digit of 838500015?
5
What is the hundred thousands digit of 4133293147?
2
What is the ten millions digit of 2847445360?
4
What is the tens digit of 139507620?
2
What is the ten thousands digit of 4115100940?
0
What is the ten millions digit of 160210825?
6
What is the hundred thousands digit of 29169878?
1
What is the tens digit of 1418972528?
2
What is the ten thousands digit of 506923748?
2
What is the hundred thousands digit of 2761819909?
8
What is the hundreds digit of 1175338368?
3
What is the ten millions digit of 485925103?
8
What is the ten millions digit of 1794010393?
9
What is the hundreds digit of 793337835?
8
What is the ten thousands digit of 27097405?
9
What is the units digit of 626409887?
7
What is the ten thousands digit of 66464514?
6
What is the tens digit of 5841743992?
9
What is the millions digit of 4026943?
4
What is the hundreds digit of 92238575?
5
What is the billions digit of 1874366134?
1
What is the hundred millions digit of 2448385668?
4
What is the hundreds digit of 178029583?
5
What is the thousands digit of 5678110825?
0
What is the ten millions digit of 1757342631?
5
What is the hundred thousands digit of 957231765?
2
What is the ten millions digit of 673026470?
7
What is the millions digit of 4416871?
4
What is the hundreds digit of 134152275?
2
What is the thousands digit of 219466148?
6
What is the millions digit of 738830359?
8
What is the thousands digit of 152083282?
3
What is the ten millions digit of 669849826?
6
What is the ten thousands digit of 4433840365?
4
What is the units digit of 18718455?
5
What is the thousands digit of 48466378?
6
What is the ten thousands digit of 245945326?
4
What is the hundred thousands digit of 35137276?
1
What is the ten thousands digit of 49491118?
9
What is the ten thousands digit of 1376983150?
8
What is the hundred thousands digit of 36959688?
9
What is the ten thousands digit of 431863703?
6
What is the units digit of 39543583?
3
What is the tens digit of 293892265?
6
What is the hundred millions digit of 144351272?
1
What is the units digit of 45938084?
4
What is the tens digit of 779514297?
9
What is the ten thousands digit of 14126025?
2
What is the hundreds digit of 561448807?
8
What is the hundred thousands digit of 621958707?
9
What is the ten thousands digit of 21820637?
2
What is the hundreds digit of 57654422?
4
What is the tens digit of 113490858?
5
What is the thousands digit of 72914353?
4
What is the ten thousands digit of 136729217?
2
What is the hundred thousands digit of 4740941?
7
What is the thousands digit of 128703521?
3
What is the hundred millions digit of 3183844749?
1
What is the ten millions digit of 22073212?
2
What is the tens digit of 2566459042?
4
What is the millions digit of 902459837?
2
What is the hundred thousands digit of 11200998?
2
What is the millions digit of 58921395?
8
What is the hundreds digit of 5717765587?
5
What is the units digit of 314655571?
1
What is the ten millions digit of 1421667217?
2
What is the tens digit of 310545185?
8
What is the tens digit of 56897095?
9
What is the billions digit of 7793563791?
7
What is the hundred millions digit of 2875631672?
8
What is the tens digit of 429038159?
5
What is the thousands digit of 393079483?
9
What is the ten millions digit of 331584914?
3
What is the hundreds digit of 254569654?
6
What is the tens digit of 44498381?
8
What is the millions digit of 214859211?
4
What is the ten thousands digit of 281864228?
6
What is the hundred millions digit of 224230583?
2
What is the millions digit of 543793695?
3
What is the hundreds digit of 237750728?
7
What is the units digit of 96456615?
5
What is the thousands digit of 297090954?
0
What is the hundreds digit of 4908269491?
4
What is the ten millions digit of 1031935841?
3
What is the ten thousands digit of 58850393?
5
What is the hundreds digit of 41274030?
0
What is the ten millions digit of 535294614?
3
What is the ten millions digit of 39582010?
3
What is the hundred millions digit of 1230882197?
2
What is the ten thousands digit of 25198461?
9
What is the hundred thousands digit of 4176973?
1
What is the millions digit of 935351911?
5
What is the thousands digit of 82779486?
9
What is the millions digit of 3233284650?
3
What is the millions digit of 6247800495?
7
What is the hundreds digit of 9063570?
5
What is the ten thousands digit of 624053784?
5
What is the ten thousands digit of 330876930?
7
What is the hundreds digit of 28050543?
5
What is the hundred thousands digit of 34125763?
1
What is the millions digit of 8111223?
8
What is the units digit of 33819660?
0
What is the tens digit of 61839498?
9
What is the tens digit of 5353421126?
2
What is the millions digit of 45434040?
5
What is the ten thousands digit of 3681681357?
8
What is the ten thousands digit of 852981?
5
What is the millions digit of 1825911?
1
What is the millions digit of 92340368?
2
What is the thousands digit of 49898755?
8
What is the hundreds digit of 4842834646?
6
What is the ten millions digit of 110890384?
1
What is the tens digit of 30716884?
8
What is the units digit of 1396630043?
3
What is the millions digit of 2371343284?
1
What is the millions digit of 3042388881?
2
What is the hundreds digit of 82940049?
0
What is the ten millions digit of 950650376?
5
What is the thousands digit of 183120532?
0
What is the ten millions digit of 373210829?
7
What is the hundreds digit of 1006381260?
2
What is the tens digit of 25486854?
5
What is the hundred thousands digit of 6884568461?
5
What is the thousands digit of 1624239197?
9
What is the tens digit of 870117214?
1
What is the hundreds digit of 1032394385?
3
What is the units digit of 12523007?
7
What is the billions digit of 3553722620?
3
What is the thousands digit of 5450289106?
9
What is the hundred millions digit of 141069763?
1
What is the hundred thousands digit of 33674491?
6
What is the ten millions digit of 45571559?
4
What is the ten thousands digit of 1612901555?
0
What is the tens digit of 312516802?
0
What is the billions digit of 6348881374?
6
What is the tens digit of 343531050?
5
What is the billions digit of 1836834815?
1
What is the ten thousands digit of 6715865871?
6
What is the units digit of 65148328?
8
What is the hundred thousands digit of 1452345623?
3
What is the hundred thousands digit of 3109398260?
3
What is the tens digit of 2068742841?
4
What is the billions digit of 1181044504?
1
What is the tens digit of 55172931?
3
What is the units digit of 36669251?
1
What is the units digit of 43228579?
9
What is the ten millions digit of 157917803?
5
What is the units digit of 375872164?
4
What is the millions digit of 252437182?
2
What is the ten thousands digit of 25135053?
3
What is the units digit of 487470475?
5
What is the thousands digit of 841422126?
2
What is the ten millions digit of 57973596?
5
What is the ten millions digit of 502554157?
0
What is the millions digit of 5081816853?
1
What is the hundred thousands digit of 14849612?
8
What is the units digit of 94528637?
7
What is the ten thousands digit of 29270762?
7
What is the ten millions digit of 59354143?
5
What is the hundred thousands digit of 121770308?
7
What is the hundred thousands digit of 321485037?
4
What is the hundreds digit of 70774073?
0
What is the units digit of 37641033?
3
What is the units digit of 38098792?
2
What is the ten thousands digit of 1796893024?
9
What is the ten thousands digit of 260860204?
6
What is the thousands digit of 2404820149?
0
What is the hundreds digit of 119526719?
7
What is the units digit of 5614362990?
0
What is the units digit of 3029327604?
4
What is the ten thousands digit of 723667539?
6
What is the units digit of 730310690?
0
What is the hundred millions digit of 566524748?
5
What is the hundred millions digit of 262187177?
2
What is the tens digit of 177744796?
9
What is the hundred thousands digit of 424634469?
6
